(-9)?
-8
Let w(n) = -18*n + 49. Suppose 5*x - 40 = -5*c, 3*c + 2*x - 8 = 11. What is w(c)?
-5
Suppose -4*a + 0*a + 253 = 7*a. Let y(g) = -g**3 + 22*g**2 + 23*g + 10. Give y(a).
10
Let d(k) = -k**2 + 8*k + 4. Let y be (-6)/(-1) + (-132)/1. Let l = 134 + y. What is d(l)?
4
Let x(o) = -2 + 498*o**2 + 2*o - 979*o**2 + 505*o**2. Determine x(1).
24
Let c(t) = t**3 - 2*t**2 + 1. Suppose -17*s + 20*s = -111. Let p = -68 - s. Let q = p + 33. Calculate c(q).
1
Suppose 0 = -4*o - 3*t - 32, -3*o + 0*o - 5*t - 35 = 0. Let m(q) = 2*q + 3. Let r(j) = j**2 + 17*j + 23. Let n(v) = 5*m(v) - r(v). What is n(o)?
2
Let s(g) = -8*g**2 - 4 + 7*g - 1 - g**3 - 8 + 0. Let b = -257 + 376. Suppose -b - 97 = 24*k. Calculate s(k).
5
Let z(k) be the first derivative of -1/120*k**6 + 7/6*k**3 - 1/24*k**4 + 7 + 0*k + 13/2*k**2 + 1/12*k**5. Let n(c) be the second derivative of z(c). Give n(5).
2
Let n(j) = -135*j**2 + 2*j + 2. Let t be -3 - -6 - (-24)/(-3) - -4. What is n(t)?
-135
Let k = 7709 - 7695. Let d(o) = -4*o**2 + 55*o + 7. Give d(k).
-7
Let b(s) = 14*s - 30*s**2 - 11 + s**2 + 21*s**2 + 3*s**2 + 6*s**2. Determine b(-11).
-44
Let v(f) = 3*f - 10*f - 4*f**2 - f**3 + 13*f**2. Let g(t) = t**3 - 11*t**2 + 11*t - 2. Let n be g(10). What is v(n)?
8
Suppose 8*t - 2*t = -42. Let q(h) = 9*h**3 + 16*h**2 + 14*h - 15. Let n(s) = 5*s**3 + 8*s**2 + 7*s - 8. Let c(k) = 7*n(k) - 4*q(k). Determine c(t).
4
Let m = -352 + 354. Let b(o) be the third derivative of 18*o**m - 1/12*o**4 - 3/2*o**3 + 0*o + 0. What is b(-6)?
3
Let n = -137 + 131. Let u(b) = 5*b**3 - 7*b**2 + 7*b - 6. Let a(h) = -2*h**3 + 2*h**2 - 2*h + 2. Let r(c) = -8*a(c) - 3*u(c). Give r(n).
-4
Let o be (4/14)/(16/224). Suppose -3*g - 5*d - o = 0, -5*g + 13 = 2*d - 12. Suppose 3*y = 0, y = 3*r - g + 1. Let k(i) = 9*i - 3. Calculate k(r).
15
Let j(t) = 6*t**2 - 5*t - 45. Let a(v) = v**2 - v - 9. Let q(l) = 11*a(l) - 2*j(l). Suppose 21*k = -13*k. What is q(k)?
-9
Let m be (7/(-3))/(1/3). Let h(b) = -10*b + 42. Let x be h(4). Let p(w) = -4*w**2 + w**3 + 10*w**x + w**2 + 5*w + w**2 + 6. Calculate p(m).
20
Let q(o) = -o**3 + 22*o**2 + 25*o - 44. Let m be ((4 - -2) + 0)/(106/(-53)) - -26. What is q(m)?
2
Suppose 10*d + 7 = 3*d. Let o(l) = 5*l**3 - 2*l - 1. Let j be o(d). Let b(n) = n**3 + 5*n**2 + 4*n. What is b(j)?
0
Let b be 24/108 - (-8)/((-144)/(-518)). Let m(f) = -f**3 + 29*f**2 + 3*f - 97. Determine m(b).
-10
Let i = -18 - -42. Suppose -2 = -x - 2*a - 11, x + i = -5*a. Let o(k) = -1 - 383*k + 203*k + 180*k + 7*k**3 - 27*k**3 + 5*k**3. Determine o(x).
-16
Let u(s) = s**3 + 21*s**2 + 7*s - 35. Let y(h) = -h**3 - 22*h**2 - 7*h + 17. Let f(g) = 6*u(g) + 5*y(g). Determine f(-15).
-5
Let i = -64617/2 - -32313. Let b(n) be the first derivative of -i*n**2 + 10*n + 1/4*n**4 + 2 - 2*n**3. Give b(7).
-4
Let v(d) be the first derivative of 53 - 1/4*d**4 - 13/2*d**2 - 11/3*d**3 - 8*d. Determine v(-10).
22
Let b(s) = -14*s + 477. Let j(c) = 39*c - 1351. Let w(i) = 17*b(i) + 6*j(i). Let m(y) = y**3 + 6*y**2 - 7*y + 7. Let f be m(-7). Calculate w(f).
-25
Let g(v) = 9*v - 1. Let o(r) = 4*r - 1. Let f(q) = 4*g(q) - 10*o(q). Let w(a) = a**2 + 74*a + 217. Let d be w(-71). Determine f(d).
-10
Let c(d) = d**3 + 13*d**2 + 11*d - 18. Suppose 0 = -3087*s + 3081*s - 72. Calculate c(s).
-6
Let w(d) be the first derivative of -13*d**2/2 + 39*d + 2425. Give w(4).
-13
Suppose 5*b + 2*z = 10*b + 27, 5*z + 34 = -2*b. Let j(s) = -7*s - 29. Calculate j(b).
20
Let o(s) be the first derivative of -s**4/4 - 59*s**3/3 + 55*s**2/2 - 297*s - 1014. Determine o(-60).
3
Let f(g) = -g**2 + g - 1. Let d(z) = -4*z**2 - 18. Let y(s) = -d(s) + 5*f(s). Suppose 0 = 543*j - 310*j + 319*j - 3864. What is y(j)?
-1
Let a(t) = 187*t**3 - 49*t**3 - 1 - 139*t**3 - 5*t + 2 + 10*t**2 - 2*t. Determine a(9).
19
Let u(q) = 32*q + q**2 - 42*q + 49 + 45*q - 49*q. Give u(5).
4
Let q(y) = y**2 - 8*y + 19. Let x be q(4). Let h(k) = -3*k**2 + 4*k - 9. Let i(u) = 6*u**2 - 8*u + 17. Let b(m) = -11*h(m) - 6*i(m). What is b(x)?
-18
Let p be 36 + -10 + (-8 - -6). Let x(s) = -s + 26. Calculate x(p).
2
Let o(u) be the third derivative of -u**6/120 - u**5/10 - u**4/4 - u**3/6 + 991*u**2. Calculate o(-5).
4
Let w(d) = 5*d**3 + 3*d**2 + d + 10. Let n(g) = -14*g**3 - 10*g**2 - 3*g - 30. Let a(z) = 4*n(z) + 11*w(z). Suppose 0 = -244*j - 1181 - 527. What is a(j)?
-3
Let o(i) = 2*i + 4. Suppose l - 4*l - l = 0. Give o(l).
4
Suppose 2*i = -i + 3. Let t(o) be the third derivative of o**6/120 + o**5/60 - o**4/24 + 16637*o**2. What is t(i)?
1
Let i(w) be the first derivative of w**5/60 - 11*w**4/24 + 5*w**3/3 - w**2 - 62*w + 157. Let q(k) be the second derivative of i(k). Give q(11).
10
Suppose -5*f = -l - 6, 0 = -4*l + 5*f - 6 - 3. Let j be (2/l)/(6/9). Let m(a) = 4 - 228*a + 299*a - 73*a. Determine m(j).
10
Let j(z) = 4*z + 3*z**2 - 6*z - 2*z**2 - 5. Let x be (-3 - (3 - 125/10)) + (-14)/28. Give j(x).
19
Let d(r) be the first derivative of -r**4/4 + 7*r**3/3 + 8*r**2 + 7*r - 71. Calculate d(9).
-11
Let r(f) = f**3 + 42*f**2 + 3*f - 114. Let j(a) = -a**3 - 41*a**2 - 2*a + 104. Let m(x) = 5*j(x) + 4*r(x). Calculate m(-37).
-10
Let o(m) = -27649 - 3*m**2 - m**3 - 3*m + 55315 - 27657 + 8*m**2. What is o(5)?
-6
Let i(t) be the first derivative of -t**4/4 + 5*t**3/3 + 3*t**2/2 - 7*t + 60882. Suppose 3*m - 6 = 2*m. What is i(m)?
-25
Let r = 611 + -603. Suppose 0*p = -r*p + 104. Let w(v) = -v**3 + 14*v**2 - 15*v + 18. Give w(p).
-8
Let n = 35025 - 35047. Let o(t) = -12*t - 246. Determine o(n).
18
Let o(x) be the first derivative of -x**3/6 - 15*x**2/2 + 93*x - 15. Let h(f) be the first derivative of o(f). Determine h(-12).
-3
Let g(u) be the first derivative of -u**6/360 - u**5/15 + u**4/8 + 115*u**3/3 - 12. Let t(c) be the third derivative of g(c). Give t(-9).
-6
Let o(b) = 27*b**2. Suppose 44*a - 45*a + 37 = 0. Suppose 8*v + 29 = a. Determine o(v).
27
Let q(g) = 0*g - 7 + 4*g - 10 + 6 - 53. Determine q(3).
-52
Suppose -83*g - 469 = -8 + 203. Let v(b) = 17*b + 131. Calculate v(g).
-5
Let z(n) = -3*n + 12. Let l(o) = -2*o + 62. Let x be l(21). Let b be (x/(-50))/((1 - 2)/20). Calculate z(b).
-12
Let i(j) = j**3 + 4*j**2 + 4*j + 14. Let m be (-1)/3*15 + 0. Give i(m).
-31
Let d(o) = o**2 - 114*o + 3201. Let m be d(50). Let c(q) = 24*q**3 - q**2 - 5*q + 5. Calculate c(m).
23
Let n(o) = 10*o**2 - 2*o - 10. Suppose 4*k = 6*k - 34*k - 64. Give n(k).
34
Suppose 33*a - 4724 = -4724. Let n(c) = c**2 + 6*c - 6. Determine n(a).
-6
Let j = -8069 + 8071. Let o(k) be the second derivative of 1/20*k**5 - j*k**2 + 1/2*k**4 + 0 + 7*k + 5/6*k**3. Determine o(-5).
-4
Let g(r) = r**2 - 5*r - 17. Suppose 0 = 34*s - 57 - 249. Determine g(s).
19
Let f(y) be the first derivative of y**4/4 - 7*y**3/3 + 12*y - 449. Calculate f(5).
-38
Let f be (1 + 3)/(12/15). Let g be 8/(-60)*6 + 54/f. Let u(d) = -d**3 + 9*d**2 + 6*d - 1. Give u(g).
-41
Let p(v) = v + 7. Let h be 4269/57 - 4/(-38). Suppose 10*y + 15*y = -h. Give p(y).
4
Let q(g) = -3*g**2 + 84*g - 564. Let r(n) = n**2 - 28*n + 188. Let o(t) = -4*q(t) - 11*r(t). Give o(11).
1
Let q(l) = 2 - 3 - l + 0*l. Suppose 37*m = 47*m - 19*m + 54. Calculate q(m).
-7
Let b(o) = 23*o - o**3 - 7*o - 10*o - 6 - 8*o - 11*o**2. Give b(-11).
16
Let d be 4*(-2 + 18/4 + -2). Let v(z) = 98*z - z**3 + 0*z**3 - 2 - 5*z**d - 94*z. Suppose -8*c = -10*c - 12. Give v(c).
10
Suppose 65*b = -40 - 25. Let f(x) = 56*x**3 - 3*x**2 - 2*x. Calculate f(b).
-57
Suppose -7*y = -4*y - 12. Let j(g) = 0 + y*g - 2 + 1. Let l(s) = -s**2 + 2318*s - 29966. Let i be l(13). Calculate j(i).
-5
Let o(n) = 32*n - 107. Let u(v) = -10*v + 35. Let g(s) = 4*o(s) + 13*u(s). Give g(10).
7
Let r(w) = 25 + 33 - 15 - 15*w + 11 + 16. Give r(5).
-5
Let f(w) = -2*w**3 - 25*w + 11. Let q(i) = i**3 + 2*i**2 + 13*i - 6. Let p(m) = -3*f(m) - 5*q(m). Let o = 1 - -4. Suppose -o*b = -0*b - 45. Determine p(b).
6
Let x(s) be the third derivative of -s**4/12 + 29*s**3/3 + 1410*s**2. Determine x(24).
10
Let b(v) = 3*v**2 - v. Let s(y) = -y**3 - 21*y**2 + 15*y + 2. Let m(k) = -5*b(k) - s(k). Suppose 2*r + 11 = -3*a, -5*a - 37 - 8 = -2*r. What is m(a)?
19
Suppose -3*c + 24 = -4*d - 8*c, 3*d = 2*c + 5. Let f(i) = -2*i**2 - 4*i + 3. Let m(z) = 14*z**2 - 16*z + 13. Let q(v) = -4*f(v) + m(v). What is q(d)?
23
Let h be (48/20)/(6/15). Let u(w) = -3*w**2 - 7*w - 5.